{"id":16,"date":"2024-07-04T08:20:49","date_gmt":"2024-07-04T08:20:49","guid":{"rendered":"https:\/\/tulipart.ro\/test\/?page_id=16"},"modified":"2026-03-03T13:12:15","modified_gmt":"2026-03-03T13:12:15","slug":"servicii","status":"publish","type":"page","link":"https:\/\/www.alterumsteelworks.ro\/index.php\/servicii\/","title":{"rendered":"Produse \u0219i servicii"},"content":{"rendered":"<!--themify_builder_content-->\n<div id=\"themify_builder_content-16\" data-postid=\"16\" class=\"themify_builder_content themify_builder_content-16 themify_builder tf_clear\">\n    \t<!-- module_row -->\n\t<div  data-lazy=\"1\" class=\"module_row themify_builder_row repeat tb_gja6550 tb_first tf_clearfix\" >\n\t    \t\t<div class=\"row_inner col_align_bottom gutter-none col_auto_height col-count-2 tf_box tf_w tf_rel\"  data-basecol=\"2\" data-col_tablet=\"column4-2\">\n\t\t\t<div  data-lazy=\"1\" class=\"module_column tb-column col4-2 first tb_qdnq551 repeat tf_box\">\n\t\t\t    \t        <div class=\"tb-column-inner tf_box tf_w\">\n\t\t    <!-- module text -->\n<div  class=\"module module-text tb_d3zr551  repeat \" data-lazy=\"1\" data-lax-translate-y=\"(vh*1) 0,(vh*0) -70\" data-lax=\"true\">\n        <div  class=\"tb_text_wrap\">\n    <h2>CE OFERIM<\/h2>\n<p>In cadru companiei noastre oferim servicii de prelucr\u0103ri mecanice precise aplicate in variate domenii cum ar fi agricultura \u0219i naval. Ne specializam in manufacturarea de piese personalizate nevoilor clien\u021bilor no\u0219tri folosind t\u0103ierea cu laser, strunjirea \u0219i frezarea.<\/p>    <\/div>\n<\/div>\n<!-- \/module text -->\t        <\/div>\n\t    \t<\/div>\n\t\t<div  data-lazy=\"1\" class=\"module_column tb-column col4-2 last tb_a1ql552 tf_box\">\n\t\t\t    \t        <div class=\"tb-column-inner tf_box tf_w\">\n\t\t    <!-- module image -->\n<div  class=\"module module-image tb_rywh552   image-top auto_fullwidth tf_mw\" data-lazy=\"1\" data-lax-translate-y=\"(vh*1) 0,(vh*0) -140\" data-lax=\"true\">\n        <div class=\"image-wrap tf_rel tf_mw\">\n\t\t    <img decoding=\"async\" src=\"\/wp-content\/uploads\/2024\/07\/blue-laser-6122956_1920.jpg\" width=\"500\" title=\"Produse \u0219i servicii\" alt=\"Produse \u0219i servicii\">\t\n\t\t<\/div>\n\t<!-- \/image-wrap -->\n    \n    \t<\/div>\n<!-- \/module image -->\t        <\/div>\n\t    \t<\/div>\n\t\t    <\/div>\n\t    <!-- \/row_inner -->\n\t<\/div>\n\t<!-- \/module_row -->\n\t\t<!-- module_row -->\n\t<div  data-lazy=\"1\" class=\"module_row themify_builder_row repeat tb_e97l66 tf_clearfix\" >\n\t    \t\t<div class=\"row_inner col_align_bottom gutter-none col_auto_height col-count-2 direction-rtl tf_box tf_w tf_rel\"  data-desktop_dir=\"rtl\" data-basecol=\"2\" data-col_tablet=\"column4-2\">\n\t\t\t<div  data-lazy=\"1\" class=\"module_column tb-column col4-2 last tb_6dm366 repeat tf_box\">\n\t\t\t    \t        <div class=\"tb-column-inner tf_box tf_w\">\n\t\t    <!-- module text -->\n<div  class=\"module module-text tb_vt1k67  repeat \" data-lazy=\"1\" data-parallax-element-speed=\"1\" data-lax-translate-y=\"vh 1,0 -70\" data-lax=\"true\">\n        <div  class=\"tb_text_wrap\">\n    <p><strong>Avem capacitatea de a lucra cu o gama larga de materiale cum ar fi o\u021beluri de uz general<\/strong> (de exemplu S235, S275, S355, C45), bronz, otel cromat si otel inoxidabil.<\/p>\n<p>Proiectele le realizam cu ajutorul programelor noastre CAD si cu ajutorul laserului FIBER de 1000W.<\/p>    <\/div>\n<\/div>\n<!-- \/module text -->\t        <\/div>\n\t    \t<\/div>\n\t\t<div  data-lazy=\"1\" class=\"module_column tb-column col4-2 first tb_g0pe67 tf_box\">\n\t\t\t    \t        <div class=\"tb-column-inner tf_box tf_w\">\n\t\t    <!-- module image -->\n<div  class=\"module module-image tb_9to767   image-top auto_fullwidth tf_mw\" data-lazy=\"1\" data-parallax-element-speed=\"2\" data-lax-translate-y=\"vh 1,0 -140\" data-lax=\"true\">\n        <div class=\"image-wrap tf_rel tf_mw\">\n\t\t    <img decoding=\"async\" src=\"\/wp-content\/uploads\/2024\/07\/screws-8429778_1280.jpg\" width=\"500\" title=\"Produse \u0219i servicii\" alt=\"Produse \u0219i servicii\">\t\n\t\t<\/div>\n\t<!-- \/image-wrap -->\n    \n    \t<\/div>\n<!-- \/module image -->\t        <\/div>\n\t    \t<\/div>\n\t\t    <\/div>\n\t    <!-- \/row_inner -->\n\t<\/div>\n\t<!-- \/module_row -->\n\t\t<!-- module_row -->\n\t<div  data-lazy=\"1\" class=\"module_row themify_builder_row tb_01p9837 tf_clearfix wow\" data-tf-animation=\"bounceInUp\" >\n\t    \t\t<div class=\"row_inner col_align_top col-count-1 tf_box tf_w tf_rel\">\n\t\t\t<div  data-lazy=\"1\" class=\"module_column tb-column col-full first tb_sy95838 tf_box\">\n\t\t\t    \t        <div class=\"tb-column-inner tf_box tf_w\">\n\t\t    \t<div  data-lazy=\"1\" class=\"module_subrow themify_builder_sub_row repeat tb_ms80838 tf_w tf_clearfix\">\n\t    \t\t<div class=\"subrow_inner col_align_middle gutter-none col-count-2 tf_box tf_w\">\n\t\t\t<div  data-lazy=\"1\" class=\"sub_column module_column tf_box col2-1 first tb_hzlm840 repeat\" > \n\t    \t    \t        <div class=\"tb-column-inner tf_box tf_w\">\n\t\t    <!-- module fancy heading -->\n<div  class=\"module module-fancy-heading tb_vd8q840  tb_hide_divider\" data-lazy=\"1\">\n        <h2 class=\"fancy-heading tf_textl\">\n    <span class=\"main-head tf_block\">\n\t\t\t\t\tTaiere laser\t\t    <\/span>\n\n\t\n    <span class=\"sub-head tf_block tf_rel\">\n\t\t\t\t\tmaxim 10 mm grosime\t\t    <\/span>\n    <\/h2>\n<\/div>\n<!-- \/module fancy heading -->\n<!-- module text -->\n<div  class=\"module module-text tb_ortu840   \" data-lazy=\"1\">\n        <div  class=\"tb_text_wrap\">\n    <p>In ceea ce prive\u0219te t\u0103ierea laser, aceasta se face cu oxigen si azot depinz\u00e2nd de materialul si grosimea colilor :<\/p>\n<ul>\n<li>Coli din otel carbon cu grosimea pana la 10 mm<\/li>\n<li>Coli din otel inoxidabil cu grosimea pana la 4 mm<\/li>\n<li>Coli de aluminiu cu grosimea pana la 3 mm<\/li>\n<li>Coli din metale neferoase cu grosimea pana la 3 mm<\/li>\n<\/ul>\n<p>De asemenea masa de lucru a utilajului este de 3mX1,5m.<\/p>    <\/div>\n<\/div>\n<!-- \/module text -->\t        <\/div>\n\t    \t<\/div>\n\t\t<div  data-lazy=\"1\" class=\"sub_column module_column tf_box col2-1 last tb_4622841 fullcover\" > \n\t    \t    \t<\/div>\n\t\t    <\/div>\n\t<\/div><!-- \/themify_builder_sub_row -->\n\t\t        <\/div>\n\t    \t<\/div>\n\t\t    <\/div>\n\t    <!-- \/row_inner -->\n\t<\/div>\n\t<!-- \/module_row -->\n\t\t<!-- module_row -->\n\t<div  data-lazy=\"1\" class=\"module_row themify_builder_row repeat tb_4ocw79 tf_clearfix\" >\n\t    \t\t<div class=\"row_inner col_align_top col-count-1 tf_box tf_w tf_rel\">\n\t\t\t<div  data-lazy=\"1\" class=\"module_column tb-column col-full first tb_tpa180 tf_box\">\n\t\t\t    \t        <div class=\"tb-column-inner tf_box tf_w\">\n\t\t    \t<div  data-lazy=\"1\" class=\"module_subrow themify_builder_sub_row repeat tb_zzst80 tf_w tf_clearfix\">\n\t    \t\t<div class=\"subrow_inner col_align_middle gutter-none col-count-2 direction-rtl tf_box tf_w\"  data-desktop_dir=\"rtl\">\n\t\t\t<div  data-lazy=\"1\" class=\"sub_column module_column tf_box col2-1 last tb_pue581 repeat\" > \n\t    \t    \t        <div class=\"tb-column-inner tf_box tf_w\">\n\t\t    <!-- module fancy heading -->\n<div  class=\"module module-fancy-heading tb_lpps81  tb_hide_divider\" data-lazy=\"1\">\n        <h2 class=\"fancy-heading tf_textl\">\n    <span class=\"main-head tf_block\">\n\t\t\t\t\tContacteaz\u0103-ne\t\t    <\/span>\n\n\t\n    <span class=\"sub-head tf_block tf_rel\">\n\t\t\t\t\tpentru lucr\u0103ri unicat\t\t    <\/span>\n    <\/h2>\n<\/div>\n<!-- \/module fancy heading -->\n<!-- module text -->\n<div  class=\"module module-text tb_t4dl81   \" data-lazy=\"1\">\n        <div  class=\"tb_text_wrap\">\n    <p>In cazul lucrarilor unicate, pentru o colaborare cat mai placuta, va recomandam sa ne contactati pentru a putea determina fezabilitatea practica si economica a proiectului si pentru a va putea recomanda eventuale modificari.<\/p>\n<p>Toate materialele mai dure sau din aliaje speciale sau care dep\u0103\u0219esc grosimea specificata vor fi supuse unei tolerante mai mari. De asemenea clientii pot opta pentru a folosi materialele personale sau daca nu dispun de asa ceva noi vom procura materiale de la distribuitorii nostrii de incredere.<\/p>    <\/div>\n<\/div>\n<!-- \/module text --><!-- module buttons -->\n<div  class=\"module module-buttons tb_yi1p631 buttons-horizontal solid \" data-lazy=\"1\">\n    \t<div class=\"module-buttons-item tf_inline_b\">\n\t\t\t\t\t\t\t<a href=\"https:\/\/www.alterumsteelworks.ro\/index.php\/contact\/\" class=\"ui builder_button blue\" >\n\t\t\t\t\t\t\t\t\t\t\t<span class=\"tf_inline_b tf_vmiddle\">Contact<\/span>\n\t\t\t\t\t\t\t\t\t\t\t<\/a>\n\t\t\t    \t<\/div>\n\t<\/div>\n<!-- \/module buttons -->\n\t        <\/div>\n\t    \t<\/div>\n\t\t<div  data-lazy=\"1\" class=\"sub_column module_column tf_box col2-1 first tb_ap7d81 fullcover\" > \n\t    \t    \t<\/div>\n\t\t    <\/div>\n\t<\/div><!-- \/themify_builder_sub_row -->\n\t\t        <\/div>\n\t    \t<\/div>\n\t\t    <\/div>\n\t    <!-- \/row_inner -->\n\t<\/div>\n\t<!-- \/module_row -->\n\t\t<!-- module_row -->\n\t<div  data-desktop-padding=\",4px\" data-css_id=\"6vdz227\" data-lazy=\"1\" class=\"module_row themify_builder_row fullwidth_row_container tb_6vdz227 tf_clearfix\" >\n\t    \t\t<div class=\"row_inner col_align_top col-count-2 tf_box tf_w tf_rel\">\n\t\t\t<div  data-lazy=\"1\" style=\"width: 86.03%\" class=\"module_column tb-column col4-3 first tb_brb5228 repeat tf_box\">\n\t\t\t    \t        <div class=\"tb-column-inner tf_box tf_w\">\n\t\t        <!-- module post -->\n    <div  class=\"module module-post tb_n45p484 \">\n        <h3 class=\"module-title\">Produsele noastre<\/h3>        <div  class=\"builder-posts-wrap loops-wrapper list-post classic tf_clear tf_clearfix\" data-lazy=\"1\">\n            <article id=\"post-238\" class=\"post tf_clearfix post-238 type-post status-publish format-standard has-post-thumbnail hentry category-produse has-post-title no-post-date has-post-category has-post-tag has-post-comment has-post-author \">\n\t    \n\t\t\t\t<figure class=\"post-image tf_clearfix\">\n\t\t\t    \t\t\t\t\t\t\t\t<a href=\"https:\/\/www.alterumsteelworks.ro\/index.php\/2024\/07\/11\/semineu-de-gradina\/\">\n\t\t\t\t\t\t\t\t<img loading=\"lazy\" decoding=\"async\" width=\"1600\" height=\"1200\" src=\"https:\/\/www.alterumsteelworks.ro\/wp-content\/uploads\/2024\/07\/element-7.jpg\" class=\"wp-post-image wp-image-196\" title=\"element (7)\" alt=\"element (7)\" srcset=\"https:\/\/www.alterumsteelworks.ro\/wp-content\/uploads\/2024\/07\/element-7.jpg 1600w, https:\/\/www.alterumsteelworks.ro\/wp-content\/uploads\/2024\/07\/element-7-300x225.jpg 300w, https:\/\/www.alterumsteelworks.ro\/wp-content\/uploads\/2024\/07\/element-7-1024x768.jpg 1024w, https:\/\/www.alterumsteelworks.ro\/wp-content\/uploads\/2024\/07\/element-7-768x576.jpg 768w, https:\/\/www.alterumsteelworks.ro\/wp-content\/uploads\/2024\/07\/element-7-1536x1152.jpg 1536w\" sizes=\"auto, (max-width: 1600px) 100vw, 1600px\" \/>\t\t\t\t\t\t\t\t    \t\t\t\t<\/a>\n\t\t\t\t\t\t\t    \t\t\t<\/figure>\n\t\t\t\t<div class=\"post-content\">\n\t\t<div class=\"post-content-inner\">\n\n\t\t\t\n\t\t\t<h2 class=\"post-title entry-title\"><a href=\"https:\/\/www.alterumsteelworks.ro\/index.php\/2024\/07\/11\/semineu-de-gradina\/\">\u0218emineu de gr\u0103din\u0103<\/a><\/h2>\n\t\t\t\n\t\t\t\n\t\t\t\t<div class=\"entry-content\">\n\n        \n\t\t<p>Semineu de gradina, potrivit pentru o seara de poveste. Traieste atmosfera autentica a unui foc de tabara chiar la tine acasa cu acest produs din otel durabil. Dimensiuni:\u00a0400x500x3mm<\/p>\n\n\t\t\n\t    \n\t<\/div><!-- \/.entry-content -->\n\t\n\t\t<\/div>\n\t\t<!-- \/.post-content-inner -->\n\t<\/div>\n\t<!-- \/.post-content -->\n\t\n<\/article>\n<!-- \/.post -->\n<article id=\"post-241\" class=\"post tf_clearfix post-241 type-post status-publish format-standard has-post-thumbnail hentry category-produse has-post-title no-post-date has-post-category has-post-tag has-post-comment has-post-author \">\n\t    \n\t\t\t\t<figure class=\"post-image tf_clearfix\">\n\t\t\t    \t\t\t\t\t\t\t\t<a href=\"https:\/\/www.alterumsteelworks.ro\/index.php\/2024\/07\/11\/panouri-decorative-din-otel\/\">\n\t\t\t\t\t\t\t\t<img loading=\"lazy\" decoding=\"async\" width=\"1500\" height=\"1460\" src=\"https:\/\/www.alterumsteelworks.ro\/wp-content\/uploads\/2024\/07\/element-1.jpg\" class=\"wp-post-image wp-image-190\" title=\"element (1)\" alt=\"element (1)\" srcset=\"https:\/\/www.alterumsteelworks.ro\/wp-content\/uploads\/2024\/07\/element-1.jpg 1500w, https:\/\/www.alterumsteelworks.ro\/wp-content\/uploads\/2024\/07\/element-1-300x292.jpg 300w, https:\/\/www.alterumsteelworks.ro\/wp-content\/uploads\/2024\/07\/element-1-1024x997.jpg 1024w, https:\/\/www.alterumsteelworks.ro\/wp-content\/uploads\/2024\/07\/element-1-768x748.jpg 768w\" sizes=\"auto, (max-width: 1500px) 100vw, 1500px\" \/>\t\t\t\t\t\t\t\t    \t\t\t\t<\/a>\n\t\t\t\t\t\t\t    \t\t\t<\/figure>\n\t\t\t\t<div class=\"post-content\">\n\t\t<div class=\"post-content-inner\">\n\n\t\t\t\n\t\t\t<h2 class=\"post-title entry-title\"><a href=\"https:\/\/www.alterumsteelworks.ro\/index.php\/2024\/07\/11\/panouri-decorative-din-otel\/\">Panouri decorative din o\u021bel<\/a><\/h2>\n\t\t\t\n\t\t\t\n\t\t\t\t<div class=\"entry-content\">\n\n        \n\t\t<p>Panouri decorative din otel cu grosimea maxima de 10 mm si de dimensiunile de 1,5m X 3m. Design-ul panourilor va fi ales si modificat in functie de nevoile\u00a0clientului.<\/p>\n\n\t\t\n\t    \n\t<\/div><!-- \/.entry-content -->\n\t\n\t\t<\/div>\n\t\t<!-- \/.post-content-inner -->\n\t<\/div>\n\t<!-- \/.post-content -->\n\t\n<\/article>\n<!-- \/.post -->\n<article id=\"post-243\" class=\"post tf_clearfix post-243 type-post status-publish format-standard has-post-thumbnail hentry category-produse has-post-title no-post-date has-post-category has-post-tag has-post-comment has-post-author \">\n\t    \n\t\t\t\t<figure class=\"post-image tf_clearfix\">\n\t\t\t    \t\t\t\t\t\t\t\t<a href=\"https:\/\/www.alterumsteelworks.ro\/index.php\/2024\/07\/11\/numere-de-poarta\/\">\n\t\t\t\t\t\t\t\t<img loading=\"lazy\" decoding=\"async\" width=\"1448\" height=\"1086\" src=\"https:\/\/www.alterumsteelworks.ro\/wp-content\/uploads\/2024\/07\/element-5.jpg\" class=\"wp-post-image wp-image-194\" title=\"element (5)\" alt=\"element (5)\" srcset=\"https:\/\/www.alterumsteelworks.ro\/wp-content\/uploads\/2024\/07\/element-5.jpg 1448w, https:\/\/www.alterumsteelworks.ro\/wp-content\/uploads\/2024\/07\/element-5-300x225.jpg 300w, https:\/\/www.alterumsteelworks.ro\/wp-content\/uploads\/2024\/07\/element-5-1024x768.jpg 1024w, https:\/\/www.alterumsteelworks.ro\/wp-content\/uploads\/2024\/07\/element-5-768x576.jpg 768w\" sizes=\"auto, (max-width: 1448px) 100vw, 1448px\" \/>\t\t\t\t\t\t\t\t    \t\t\t\t<\/a>\n\t\t\t\t\t\t\t    \t\t\t<\/figure>\n\t\t\t\t<div class=\"post-content\">\n\t\t<div class=\"post-content-inner\">\n\n\t\t\t\n\t\t\t<h2 class=\"post-title entry-title\"><a href=\"https:\/\/www.alterumsteelworks.ro\/index.php\/2024\/07\/11\/numere-de-poarta\/\">Numere de poart\u0103<\/a><\/h2>\n\t\t\t\n\t\t\t\n\t\t\t\t<div class=\"entry-content\">\n\n        \n\t\t<p>Numere de poarta din o\u021bel inoxidabil de 1,5mm, cu dimensiunile de 150x120mm. Durabilitatea ridicat\u0103 a inoxului va asigura aspectul pl\u0103cut al num\u0103rului pentru mult timp, iar str\u0103lucirea acestuia \u00eel scoate\u00a0\u00een\u00a0eviden\u021b\u0103.<\/p>\n\n\t\t\n\t    \n\t<\/div><!-- \/.entry-content -->\n\t\n\t\t<\/div>\n\t\t<!-- \/.post-content-inner -->\n\t<\/div>\n\t<!-- \/.post-content -->\n\t\n<\/article>\n<!-- \/.post -->\n<article id=\"post-247\" class=\"post tf_clearfix post-247 type-post status-publish format-standard has-post-thumbnail hentry category-produse has-post-title no-post-date has-post-category has-post-tag has-post-comment has-post-author \">\n\t    \n\t\t\t\t<figure class=\"post-image tf_clearfix\">\n\t\t\t    \t\t\t\t\t\t\t\t<a href=\"https:\/\/www.alterumsteelworks.ro\/index.php\/2024\/07\/11\/discuri-de-semanatoare\/\">\n\t\t\t\t\t\t\t\t<img loading=\"lazy\" decoding=\"async\" width=\"1600\" height=\"1200\" src=\"https:\/\/www.alterumsteelworks.ro\/wp-content\/uploads\/2024\/07\/element-4.jpg\" class=\"wp-post-image wp-image-193\" title=\"element (4)\" alt=\"element (4)\" srcset=\"https:\/\/www.alterumsteelworks.ro\/wp-content\/uploads\/2024\/07\/element-4.jpg 1600w, https:\/\/www.alterumsteelworks.ro\/wp-content\/uploads\/2024\/07\/element-4-300x225.jpg 300w, https:\/\/www.alterumsteelworks.ro\/wp-content\/uploads\/2024\/07\/element-4-1024x768.jpg 1024w, https:\/\/www.alterumsteelworks.ro\/wp-content\/uploads\/2024\/07\/element-4-768x576.jpg 768w, https:\/\/www.alterumsteelworks.ro\/wp-content\/uploads\/2024\/07\/element-4-1536x1152.jpg 1536w\" sizes=\"auto, (max-width: 1600px) 100vw, 1600px\" \/>\t\t\t\t\t\t\t\t    \t\t\t\t<\/a>\n\t\t\t\t\t\t\t    \t\t\t<\/figure>\n\t\t\t\t<div class=\"post-content\">\n\t\t<div class=\"post-content-inner\">\n\n\t\t\t\n\t\t\t<h2 class=\"post-title entry-title\"><a href=\"https:\/\/www.alterumsteelworks.ro\/index.php\/2024\/07\/11\/discuri-de-semanatoare\/\">Discuri de sem\u0103n\u0103toare<\/a><\/h2>\n\t\t\t\n\t\t\t\n\t\t\t\t<div class=\"entry-content\">\n\n        \n\t\t<p>Discuri de semanatoare confectionate din inox cu urmatoarele dimensiuni: \u03a6exterior- 220 mm, \u03a6interior- 80 mm. Gaurile de semanatoare sunt la diametrele de 200, respectiv 188 mm si au diametrul de 1,2 mm. Gaurile de sprijin au diametrul de 7mm si sunt la diametrul de 150mm. Grosimea semanatoarelor\u00a0este\u00a0de\u00a01mm.<\/p>\n\n\t\t\n\t    \n\t<\/div><!-- \/.entry-content -->\n\t\n\t\t<\/div>\n\t\t<!-- \/.post-content-inner -->\n\t<\/div>\n\t<!-- \/.post-content -->\n\t\n<\/article>\n<!-- \/.post -->\n<article id=\"post-253\" class=\"post tf_clearfix post-253 type-post status-publish format-standard has-post-thumbnail hentry category-produse has-post-title no-post-date has-post-category has-post-tag has-post-comment has-post-author \">\n\t    \n\t\t\t\t<figure class=\"post-image tf_clearfix\">\n\t\t\t    \t\t\t\t\t\t\t\t<a href=\"https:\/\/www.alterumsteelworks.ro\/index.php\/2024\/07\/11\/panouri-decorative\/\">\n\t\t\t\t\t\t\t\t<img loading=\"lazy\" decoding=\"async\" width=\"1200\" height=\"1600\" src=\"https:\/\/www.alterumsteelworks.ro\/wp-content\/uploads\/2024\/07\/element-3.jpg\" class=\"wp-post-image wp-image-192\" title=\"element (3)\" alt=\"element (3)\" srcset=\"https:\/\/www.alterumsteelworks.ro\/wp-content\/uploads\/2024\/07\/element-3.jpg 1200w, https:\/\/www.alterumsteelworks.ro\/wp-content\/uploads\/2024\/07\/element-3-225x300.jpg 225w, https:\/\/www.alterumsteelworks.ro\/wp-content\/uploads\/2024\/07\/element-3-768x1024.jpg 768w, https:\/\/www.alterumsteelworks.ro\/wp-content\/uploads\/2024\/07\/element-3-1152x1536.jpg 1152w\" sizes=\"auto, (max-width: 1200px) 100vw, 1200px\" \/>\t\t\t\t\t\t\t\t    \t\t\t\t<\/a>\n\t\t\t\t\t\t\t    \t\t\t<\/figure>\n\t\t\t\t<div class=\"post-content\">\n\t\t<div class=\"post-content-inner\">\n\n\t\t\t\n\t\t\t<h2 class=\"post-title entry-title\"><a href=\"https:\/\/www.alterumsteelworks.ro\/index.php\/2024\/07\/11\/panouri-decorative\/\">Panouri decorative<\/a><\/h2>\n\t\t\t\n\t\t\t\n\t\t\t\t<div class=\"entry-content\">\n\n        \n\t\t<p>Panouri decorative din otel de diferite grosimi\u00a0si\u00a0modele.<\/p>\n\n\t\t\n\t    \n\t<\/div><!-- \/.entry-content -->\n\t\n\t\t<\/div>\n\t\t<!-- \/.post-content-inner -->\n\t<\/div>\n\t<!-- \/.post-content -->\n\t\n<\/article>\n<!-- \/.post -->\n<article id=\"post-300\" class=\"post tf_clearfix post-300 type-post status-publish format-standard has-post-thumbnail hentry category-produse has-post-title no-post-date has-post-category has-post-tag has-post-comment has-post-author \">\n\t    \n\t\t\t\t<figure class=\"post-image tf_clearfix\">\n\t\t\t    \t\t\t\t\t\t\t\t<a href=\"https:\/\/www.alterumsteelworks.ro\/index.php\/2026\/03\/03\/balamele-decorative\/\">\n\t\t\t\t\t\t\t\t<img loading=\"lazy\" decoding=\"async\" width=\"2252\" height=\"2380\" src=\"https:\/\/www.alterumsteelworks.ro\/wp-content\/uploads\/2026\/03\/20260302_140058-1.jpg\" class=\"wp-post-image wp-image-304\" title=\"20260302_140058\" alt=\"20260302_140058\" srcset=\"https:\/\/www.alterumsteelworks.ro\/wp-content\/uploads\/2026\/03\/20260302_140058-1.jpg 2252w, https:\/\/www.alterumsteelworks.ro\/wp-content\/uploads\/2026\/03\/20260302_140058-1-284x300.jpg 284w, https:\/\/www.alterumsteelworks.ro\/wp-content\/uploads\/2026\/03\/20260302_140058-1-969x1024.jpg 969w, https:\/\/www.alterumsteelworks.ro\/wp-content\/uploads\/2026\/03\/20260302_140058-1-768x812.jpg 768w, https:\/\/www.alterumsteelworks.ro\/wp-content\/uploads\/2026\/03\/20260302_140058-1-1453x1536.jpg 1453w, https:\/\/www.alterumsteelworks.ro\/wp-content\/uploads\/2026\/03\/20260302_140058-1-1938x2048.jpg 1938w\" sizes=\"auto, (max-width: 2252px) 100vw, 2252px\" \/>\t\t\t\t\t\t\t\t    \t\t\t\t<\/a>\n\t\t\t\t\t\t\t    \t\t\t<\/figure>\n\t\t\t\t<div class=\"post-content\">\n\t\t<div class=\"post-content-inner\">\n\n\t\t\t\n\t\t\t<h2 class=\"post-title entry-title\"><a href=\"https:\/\/www.alterumsteelworks.ro\/index.php\/2026\/03\/03\/balamele-decorative\/\">Balamele artizanal\u0103<\/a><\/h2>\n\t\t\t\n\t\t\t\n\t\t\t\t<div class=\"entry-content\">\n\n        \n\t\t<p>Piesa perfect\u0103 care o s\u0103 dea oric\u0103rei por\u021bi un aspect vintage\/unicat<\/p>\n\n\t\t\n\t    \n\t<\/div><!-- \/.entry-content -->\n\t\n\t\t<\/div>\n\t\t<!-- \/.post-content-inner -->\n\t<\/div>\n\t<!-- \/.post-content -->\n\t\n<\/article>\n<!-- \/.post -->\n    <\/div><!-- .builder-posts-wrap -->\n    <\/div>\n    <!-- \/module post -->\n\t        <\/div>\n\t    \t<\/div>\n\t\t<div  data-lazy=\"1\" style=\"width: 10.77%\" class=\"module_column tb-column col4-1 last tb_x1zj686 tf_box\">\n\t\t\t    \t<\/div>\n\t\t    <\/div>\n\t    <!-- \/row_inner -->\n\t<\/div>\n\t<!-- \/module_row -->\n\t<\/div>\n<!--\/themify_builder_content-->","protected":false},"excerpt":{"rendered":"<p>CE OFERIM In cadru companiei noastre oferim servicii de prelucr\u0103ri mecanice precise aplicate in variate domenii cum ar fi agricultura \u0219i naval. Ne specializam in manufacturarea de piese personalizate nevoilor clien\u021bilor no\u0219tri folosind t\u0103ierea cu laser, strunjirea \u0219i frezarea. Avem capacitatea de a lucra cu o gama larga de materiale cum ar fi o\u021beluri de [&hellip;]<\/p>\n","protected":false},"author":1,"featured_media":0,"parent":0,"menu_order":0,"comment_status":"closed","ping_status":"closed","template":"","meta":{"footnotes":""},"class_list":["post-16","page","type-page","status-publish","hentry","has-post-title","has-post-date","has-post-category","has-post-tag","has-post-comment","has-post-author",""],"_links":{"self":[{"href":"https:\/\/www.alterumsteelworks.ro\/index.php\/wp-json\/wp\/v2\/pages\/16","targetHints":{"allow":["GET"]}}],"collection":[{"href":"https:\/\/www.alterumsteelworks.ro\/index.php\/wp-json\/wp\/v2\/pages"}],"about":[{"href":"https:\/\/www.alterumsteelworks.ro\/index.php\/wp-json\/wp\/v2\/types\/page"}],"author":[{"embeddable":true,"href":"https:\/\/www.alterumsteelworks.ro\/index.php\/wp-json\/wp\/v2\/users\/1"}],"replies":[{"embeddable":true,"href":"https:\/\/www.alterumsteelworks.ro\/index.php\/wp-json\/wp\/v2\/comments?post=16"}],"version-history":[{"count":36,"href":"https:\/\/www.alterumsteelworks.ro\/index.php\/wp-json\/wp\/v2\/pages\/16\/revisions"}],"predecessor-version":[{"id":312,"href":"https:\/\/www.alterumsteelworks.ro\/index.php\/wp-json\/wp\/v2\/pages\/16\/revisions\/312"}],"wp:attachment":[{"href":"https:\/\/www.alterumsteelworks.ro\/index.php\/wp-json\/wp\/v2\/media?parent=16"}],"curies":[{"name":"wp","href":"https:\/\/api.w.org\/{rel}","templated":true}]}}